nd 769960?
40
What is the greatest common factor of 1398 and 1166398?
466
What is the highest common divisor of 154240 and 319084?
964
What is the highest common factor of 28 and 14377724?
4
What is the greatest common divisor of 120881 and 536756?
1109
What is the greatest common divisor of 185542 and 150353?
3199
Calculate the highest common divisor of 77 and 72647960.
77
What is the highest common factor of 580 and 5766389?
29
Calculate the highest common factor of 20640468 and 12.
12
Calculate the greatest common divisor of 33112192 and 256.
128
Calculate the greatest common factor of 29259483 and 2013.
33
What is the greatest common factor of 10098890 and 705?
235
Calculate the greatest common factor of 1071 and 248132.
17
What is the greatest common factor of 105 and 1369633755?
105
What is the highest common divisor of 8 and 25489628?
4
What is the greatest common divisor of 18992208 and 120?
24
What is the greatest common factor of 7503 and 19024741?
61
Calculate the highest common factor of 266414 and 382385.
31
Calculate the highest common divisor of 545 and 3097017.
109
What is the highest common factor of 72 and 591385680?
72
Calculate the greatest common factor of 795 and 17730885.
795
Calculate the greatest common divisor of 29154251 and 4263.
203
Calculate the greatest common divisor of 14784753 and 934.
467
What is the greatest common divisor of 31694 and 1560182?
598
Calculate the greatest common factor of 64 and 566336.
64
Calculate the highest common factor of 10017540 and 9750.
390
What is the greatest common divisor of 473 and 522195311?
473
What is the highest common factor of 1281 and 3011862?
21
Calculate the greatest common factor of 3201 and 98536674.
291
What is the highest common factor of 129727 and 61438?
221
Calculate the greatest common divisor of 197526 and 11634.
42
Calculate the greatest common divisor of 22803 and 267729.
33
Calculate the greatest common factor of 9197 and 2447588413.
9197
What is the highest common factor of 29403 and 586344?
33
What is the greatest common divisor of 1736 and 229022234?
434
Calculate the greatest common factor of 2829 and 8087835.
69
Calculate the greatest common factor of 653 and 1291.
1
What is the highest common factor of 367725 and 6?
3
Calculate the highest common divisor of 22 and 1097630809.
11
Calculate the highest common divisor of 600865 and 2.
1
Calculate the highest common factor of 467220 and 61395.
15
What is the highest common factor of 1749440 and 1862?
14
Calculate the highest common factor of 39646 and 696256.
86
What is the greatest common divisor of 156 and 5469276?
12
What is the greatest common factor of 2996428 and 42586?
214
Calculate the greatest common factor of 89586 and 124551.
189
What is the highest common divisor of 673965918 and 4386?
4386
What is the greatest common factor of 11947075 and 350?
175
Calculate the highest common factor of 34306263 and 2022.
1011
What is the greatest common divisor of 777 and 44910341?
259
Calculate the greatest common factor of 32802 and 23107.
7
What is the greatest common divisor of 2452 and 2242967?
613
What is the highest common factor of 144755 and 2977?
13
What is the greatest common factor of 2943942 and 259?
37
Calculate the highest common factor of 1948338 and 1410.
282
What is the highest common factor of 5514 and 1239731?
919
What is the greatest common divisor of 1352556 and 819?
9
What is the greatest common factor of 247 and 1774981?
13
Calculate the highest common factor of 91991 and 2144.
67
What is the highest common factor of 90240 and 769440?
480
Calculate the highest common divisor of 469 and 3096870.
7
What is the greatest common factor of 1033070 and 85?
5
Calculate the highest common divisor of 1584 and 28487448.
792
What is the greatest common divisor of 199993326 and 123?
123
Calculate the highest common divisor of 33667579 and 116.
29
What is the greatest common factor of 7684017 and 23562?
561
What is the greatest common divisor of 1358 and 362866?
14
Calculate the highest common divisor of 128 and 103728.
16
What is the highest common factor of 670 and 1183858510?
670
What is the highest common divisor of 6266 and 86234138?
482
What is the highest common divisor of 1148225876 and 3101?
3101
What is the highest common divisor of 32268846 and 1605?
321
What is the highest common factor of 3556 and 771743?
7
What is the highest common factor of 2337747 and 6?
3
Calculate the greatest common factor of 105 and 188134555.
35
What is the highest common divisor of 5951 and 644772997?
5951
Calculate the greatest common factor of 108 and 11416632.
12
Calculate the highest common factor of 34517965 and 1235.
95
What is the highest common factor of 7 and 173663273?
7
Calculate the greatest common factor of 296504 and 2008.
8
What is the highest common factor of 2116784 and 32?
16
Calculate the greatest common factor of 7 and 1103430517.
7
What is the highest common factor of 4202 and 2515018?
22
What is the greatest common factor of 6058471 and 28503?
3167
What is the greatest common factor of 82568 and 60?
4
Calculate the highest common factor of 103468 and 3532.
4
What is the greatest common divisor of 5712459 and 252399?
5151
What is the highest common divisor of 1406 and 81400?
74
Calculate the greatest common factor of 72439250 and 403.
403
Calculate the greatest common divisor of 4480 and 77475440.
560
Calculate the highest common divisor of 13507619 and 2937.
89
What is the highest common factor of 398485 and 155?
5
What is the highest common factor of 98 and 18201841?
7
Calculate the highest common factor of 15020600 and 87080.
280
Calculate the greatest common divisor of 1392521 and 1037.
17
What is the highest common factor of 41278800 and 205?
205
What is the greatest common factor of 193595052 and 336?
84
What is the highest common factor of 11384393 and 166213?
479
Calculate the highest common factor of 7052 and 4381547.
41
Calculate the highest common factor of 1092540 and 570.
30
Calculate the greatest common factor of 15980 and 148804350.
470
What is the highest common factor of 245698196 and 76?
76
Calculate the greatest common divisor of 31499204 and 968.
484
Calculate the greatest common factor of 6496392 and 108024.
168
What is the greatest common divisor of 798655 and 130?
65
Calculate the highest common factor of 83 and 378725929.
83
What is the greatest common factor of 7406507 and 52487?
73
What is the greatest common factor of 16180594 and 2?
2
What is the highest common divisor of 82841824 and 39?
13
What is the highest common divisor of 265089 and 318681?
957
Calculate the highest common factor of 3441 and 338439.
111
What is the highest common divisor of 4464488 and 869848?
2744
Calculate the highest common divisor of 58138040 and 1160.
1160
Calculate the greatest common factor of 28920 and 2430.
30
Calculate the greatest common factor of 258 and 3617208.
6
Calculate the highest common factor of 57762072 and 15480.
3096
Calculate the greatest common factor of 3239478 and 2574.
198
Calculate the highest common factor of 27522 and 142666542.
2502
Calculate the highest common divisor of 10175634 and 5478.
498
What is the greatest common factor of 7 and 10391766?
7
Calculate the highest common divisor of 519890 and 6223.
49
What is the greatest common factor of 19662 and 36455382?
678
What is the greatest common divisor of 144 and 1199168?
16
What is the greatest common divisor of 54 and 2995973190?
54
What is the highest common divisor of 417332409 and 39?
39
What is the greatest common divisor of 857250 and 846?
18
Calculate the highest common factor of 23519 and 398518.
29
What is the greatest common divisor of 299 and 21803977?
299
What is the greatest common factor of 105645120 and 58065?
8295
What is the highest common divisor of 198 and 4566342?
66
What is the greatest common divisor of 60 and 64410?
30
Calculate the greatest common divisor of 249523 and 94.
47
What is the highest common divisor of 147710 and 610?
10
Calculate the greatest common factor of 48139301 and 7.
7
What is the greatest common divisor of 17457608 and 896?
56
What is the greatest common divisor of 4634 and 5771647?
2317
What is the greatest common divisor of 78525 and 66659?
349
Calcula